{"id":7,"date":"2022-10-23T08:15:46","date_gmt":"2022-10-23T06:15:46","guid":{"rendered":"http:\/\/silicontec.de\/?page_id=7"},"modified":"2022-10-24T07:55:50","modified_gmt":"2022-10-24T05:55:50","slug":"gestalte-deine-website-mit-bloecken","status":"publish","type":"page","link":"https:\/\/silicontec.de\/","title":{"rendered":"Start"},"content":{"rendered":"\t\t<div data-elementor-type=\"wp-page\" data-elementor-id=\"7\" class=\"elementor elementor-7\">\n\t\t\t\t\t\t\t\t\t<section class=\"elementor-section elementor-top-section elementor-element elementor-element-6edbb29 elementor-section-full_width elementor-section-height-full elementor-section-items-top elementor-section-stretched elementor-hidden-mobile elementor-section-height-default\" data-id=\"6edbb29\" data-element_type=\"section\" data-settings=\"{&quot;background_background&quot;:&quot;slideshow&quot;,&quot;stretch_section&quot;:&quot;section-stretched&quot;,&quot;background_slideshow_gallery&quot;:[{&quot;id&quot;:177,&quot;url&quot;:&quot;http:\\\/\\\/silicontec.de\\\/wp-content\\\/uploads\\\/2022\\\/10\\\/SLIDER_1600x788_72ppi_0001_Ebene-2.png&quot;},{&quot;id&quot;:176,&quot;url&quot;:&quot;http:\\\/\\\/silicontec.de\\\/wp-content\\\/uploads\\\/2022\\\/10\\\/SLIDER_1600x788_72ppi_0000_Ebene-1.png&quot;},{&quot;id&quot;:178,&quot;url&quot;:&quot;http:\\\/\\\/silicontec.de\\\/wp-content\\\/uploads\\\/2022\\\/10\\\/SLIDER_1600x788_72ppi_0002_Ebene-0.png&quot;}],&quot;background_slideshow_loop&quot;:&quot;yes&quot;,&quot;background_slideshow_slide_duration&quot;:5000,&quot;background_slideshow_slide_transition&quot;:&quot;fade&quot;,&quot;background_slideshow_transition_duration&quot;:500}\">\n\t\t\t\t\t\t\t<div class=\"elementor-background-overlay\"><\/div>\n\t\t\t\t\t\t\t<div class=\"elementor-container elementor-column-gap-no\">\n\t\t\t\t\t<div class=\"elementor-column elementor-col-100 elementor-top-column elementor-element elementor-element-c88eeca\" data-id=\"c88eeca\" data-element_type=\"column\">\n\t\t\t<div class=\"elementor-widget-wrap elementor-element-populated\">\n\t\t\t\t\t\t\t\t<div class=\"elementor-element elementor-element-e17ed5e elementor-widget elementor-widget-heading\" data-id=\"e17ed5e\" data-element_type=\"widget\" data-widget_type=\"heading.default\">\n\t\t\t\t<div class=\"elementor-widget-container\">\n\t\t\t<style>\/*! elementor - v3.7.8 - 02-10-2022 *\/\n.elementor-heading-title{padding:0;margin:0;line-height:1}.elementor-widget-heading .elementor-heading-title[class*=elementor-size-]>a{color:inherit;font-size:inherit;line-height:inherit}.elementor-widget-heading .elementor-heading-title.elementor-size-small{font-size:15px}.elementor-widget-heading .elementor-heading-title.elementor-size-medium{font-size:19px}.elementor-widget-heading .elementor-heading-title.elementor-size-large{font-size:29px}.elementor-widget-heading .elementor-heading-title.elementor-size-xl{font-size:39px}.elementor-widget-heading .elementor-heading-title.elementor-size-xxl{font-size:59px}<\/style><h1 class=\"elementor-heading-title elementor-size-default\">WIR WARTEN UND ERNEUERN <br>IHRE SILIKONFUGEN<\/h1>\t\t<\/div>\n\t\t\t\t<\/div>\n\t\t\t\t<div class=\"elementor-element elementor-element-87894e3 elementor-widget elementor-widget-text-editor\" data-id=\"87894e3\" data-element_type=\"widget\" data-widget_type=\"text-editor.default\">\n\t\t\t\t<div class=\"elementor-widget-container\">\n\t\t\t<style>\/*! elementor - v3.7.8 - 02-10-2022 *\/\n.elementor-widget-text-editor.elementor-drop-cap-view-stacked .elementor-drop-cap{background-color:#818a91;color:#fff}.elementor-widget-text-editor.elementor-drop-cap-view-framed .elementor-drop-cap{color:#818a91;border:3px solid;background-color:transparent}.elementor-widget-text-editor:not(.elementor-drop-cap-view-default) .elementor-drop-cap{margin-top:8px}.elementor-widget-text-editor:not(.elementor-drop-cap-view-default) .elementor-drop-cap-letter{width:1em;height:1em}.elementor-widget-text-editor .elementor-drop-cap{float:left;text-align:center;line-height:1;font-size:50px}.elementor-widget-text-editor .elementor-drop-cap-letter{display:inline-block}<\/style>\t\t\t\t<p>Durch sch\u00f6ne Silikonfugen an Ecken,<br \/>Bodenanschl\u00fcssen oder Acryldeckenfugen verleihen<br \/>Sie Ihrer Liegenschaft die perfekte Kombination<br \/>aus Wohlbefinden und Behaglichkeit und<br \/>das h\u00f6chste Ma\u00df an Sauberkeit und Hygiene.<\/p>\t\t\t\t\t\t<\/div>\n\t\t\t\t<\/div>\n\t\t\t\t\t<\/div>\n\t\t<\/div>\n\t\t\t\t\t\t\t<\/div>\n\t\t<\/section>\n\t\t\t\t<section class=\"elementor-section elementor-top-section elementor-element elementor-element-6c12e71 elementor-section-full_width elementor-section-height-full elementor-section-items-top elementor-section-stretched elementor-hidden-desktop elementor-hidden-tablet elementor-section-height-default\" data-id=\"6c12e71\" data-element_type=\"section\" data-settings=\"{&quot;background_background&quot;:&quot;slideshow&quot;,&quot;stretch_section&quot;:&quot;section-stretched&quot;,&quot;background_slideshow_gallery&quot;:[{&quot;id&quot;:177,&quot;url&quot;:&quot;http:\\\/\\\/silicontec.de\\\/wp-content\\\/uploads\\\/2022\\\/10\\\/SLIDER_1600x788_72ppi_0001_Ebene-2.png&quot;},{&quot;id&quot;:176,&quot;url&quot;:&quot;http:\\\/\\\/silicontec.de\\\/wp-content\\\/uploads\\\/2022\\\/10\\\/SLIDER_1600x788_72ppi_0000_Ebene-1.png&quot;},{&quot;id&quot;:178,&quot;url&quot;:&quot;http:\\\/\\\/silicontec.de\\\/wp-content\\\/uploads\\\/2022\\\/10\\\/SLIDER_1600x788_72ppi_0002_Ebene-0.png&quot;}],&quot;background_slideshow_loop&quot;:&quot;yes&quot;,&quot;background_slideshow_slide_duration&quot;:5000,&quot;background_slideshow_slide_transition&quot;:&quot;fade&quot;,&quot;background_slideshow_transition_duration&quot;:500}\">\n\t\t\t\t\t\t\t<div class=\"elementor-background-overlay\"><\/div>\n\t\t\t\t\t\t\t<div class=\"elementor-container elementor-column-gap-no\">\n\t\t\t\t\t<div class=\"elementor-column elementor-col-100 elementor-top-column elementor-element elementor-element-5323684\" data-id=\"5323684\" data-element_type=\"column\">\n\t\t\t<div class=\"elementor-widget-wrap elementor-element-populated\">\n\t\t\t\t\t\t\t\t<div class=\"elementor-element elementor-element-77a616e elementor-widget elementor-widget-heading\" data-id=\"77a616e\" data-element_type=\"widget\" data-widget_type=\"heading.default\">\n\t\t\t\t<div class=\"elementor-widget-container\">\n\t\t\t<h1 class=\"elementor-heading-title elementor-size-default\">WIR WARTEN UND ERNEUERN <br>IHRE SILIKONFUGEN<\/h1>\t\t<\/div>\n\t\t\t\t<\/div>\n\t\t\t\t<div class=\"elementor-element elementor-element-03dceb5 elementor-widget elementor-widget-text-editor\" data-id=\"03dceb5\" data-element_type=\"widget\" data-widget_type=\"text-editor.default\">\n\t\t\t\t<div class=\"elementor-widget-container\">\n\t\t\t\t\t\t\t<p>Durch sch\u00f6ne Silikonfugen an Ecken,<br \/>Bodenanschl\u00fcssen oder Acryldeckenfugen verleihen Sie Ihrer Liegenschaft die perfekte Kombination aus Wohlbefinden und\u00a0 Behaglichkeit und das h\u00f6chste Ma\u00df an Sauberkeit und Hygiene.<\/p>\t\t\t\t\t\t<\/div>\n\t\t\t\t<\/div>\n\t\t\t\t\t<\/div>\n\t\t<\/div>\n\t\t\t\t\t\t\t<\/div>\n\t\t<\/section>\n\t\t\t\t<section class=\"elementor-section elementor-top-section elementor-element elementor-element-8218f32 elementor-section-full_width elementor-section-stretched elementor-section-height-default elementor-section-height-default\" data-id=\"8218f32\" data-element_type=\"section\" data-settings=\"{&quot;stretch_section&quot;:&quot;section-stretched&quot;,&quot;background_background&quot;:&quot;classic&quot;}\">\n\t\t\t\t\t\t<div class=\"elementor-container elementor-column-gap-default\">\n\t\t\t\t\t<div class=\"elementor-column elementor-col-100 elementor-top-column elementor-element elementor-element-5c3fd95\" data-id=\"5c3fd95\" data-element_type=\"column\">\n\t\t\t<div class=\"elementor-widget-wrap elementor-element-populated\">\n\t\t\t\t\t\t\t\t<section class=\"elementor-section elementor-inner-section elementor-element elementor-element-858b4bc elementor-section-boxed elementor-section-height-default elementor-section-height-default\" data-id=\"858b4bc\" data-element_type=\"section\">\n\t\t\t\t\t\t<div class=\"elementor-container elementor-column-gap-default\">\n\t\t\t\t\t<div class=\"elementor-column elementor-col-25 elementor-inner-column elementor-element elementor-element-8a0be31\" data-id=\"8a0be31\" data-element_type=\"column\">\n\t\t\t<div class=\"elementor-widget-wrap elementor-element-populated\">\n\t\t\t\t\t\t\t\t<div class=\"elementor-element elementor-element-b58402b elementor-widget elementor-widget-image\" data-id=\"b58402b\" data-element_type=\"widget\" data-widget_type=\"image.default\">\n\t\t\t\t<div class=\"elementor-widget-container\">\n\t\t\t<style>\/*! elementor - v3.7.8 - 02-10-2022 *\/\n.elementor-widget-image{text-align:center}.elementor-widget-image a{display:inline-block}.elementor-widget-image a img[src$=\".svg\"]{width:48px}.elementor-widget-image img{vertical-align:middle;display:inline-block}<\/style>\t\t\t\t\t\t\t\t\t\t\t\t<img loading=\"lazy\" decoding=\"async\" width=\"750\" height=\"669\" src=\"https:\/\/silicontec.de\/wp-content\/uploads\/2022\/10\/4-1-2000x1784-800x714-1.jpg\" class=\"attachment-large size-large\" alt=\"\" srcset=\"https:\/\/silicontec.de\/wp-content\/uploads\/2022\/10\/4-1-2000x1784-800x714-1.jpg 800w, https:\/\/silicontec.de\/wp-content\/uploads\/2022\/10\/4-1-2000x1784-800x714-1-300x268.jpg 300w, https:\/\/silicontec.de\/wp-content\/uploads\/2022\/10\/4-1-2000x1784-800x714-1-768x685.jpg 768w\" sizes=\"auto, (max-width: 750px) 100vw, 750px\" style=\"width:100%;height:89.25%;max-width:800px\" \/>\t\t\t\t\t\t\t\t\t\t\t\t\t\t\t<\/div>\n\t\t\t\t<\/div>\n\t\t\t\t<div class=\"elementor-element elementor-element-bdafe88 elementor-widget elementor-widget-image\" data-id=\"bdafe88\" data-element_type=\"widget\" data-widget_type=\"image.default\">\n\t\t\t\t<div class=\"elementor-widget-container\">\n\t\t\t\t\t\t\t\t\t\t\t\t\t\t\t<img loading=\"lazy\" decoding=\"async\" width=\"750\" height=\"550\" src=\"https:\/\/silicontec.de\/wp-content\/uploads\/2022\/10\/6-1-2000x1468-800x587-1.jpg\" class=\"attachment-large size-large\" alt=\"\" srcset=\"https:\/\/silicontec.de\/wp-content\/uploads\/2022\/10\/6-1-2000x1468-800x587-1.jpg 800w, https:\/\/silicontec.de\/wp-content\/uploads\/2022\/10\/6-1-2000x1468-800x587-1-300x220.jpg 300w, https:\/\/silicontec.de\/wp-content\/uploads\/2022\/10\/6-1-2000x1468-800x587-1-768x564.jpg 768w\" sizes=\"auto, (max-width: 750px) 100vw, 750px\" style=\"width:100%;height:73.38%;max-width:800px\" \/>\t\t\t\t\t\t\t\t\t\t\t\t\t\t\t<\/div>\n\t\t\t\t<\/div>\n\t\t\t\t\t<\/div>\n\t\t<\/div>\n\t\t\t\t<div class=\"elementor-column elementor-col-25 elementor-inner-column elementor-element elementor-element-703a84a\" data-id=\"703a84a\" data-element_type=\"column\">\n\t\t\t<div class=\"elementor-widget-wrap elementor-element-populated\">\n\t\t\t\t\t\t\t\t<div class=\"elementor-element elementor-element-c0fae7e elementor-widget elementor-widget-image\" data-id=\"c0fae7e\" data-element_type=\"widget\" data-widget_type=\"image.default\">\n\t\t\t\t<div class=\"elementor-widget-container\">\n\t\t\t\t\t\t\t\t\t\t\t\t\t\t\t<img loading=\"lazy\" decoding=\"async\" width=\"750\" height=\"501\" src=\"https:\/\/silicontec.de\/wp-content\/uploads\/2022\/10\/20-2-2000x1335-1-1024x684.jpg\" class=\"attachment-large size-large\" alt=\"\" srcset=\"https:\/\/silicontec.de\/wp-content\/uploads\/2022\/10\/20-2-2000x1335-1-1024x684.jpg 1024w, https:\/\/silicontec.de\/wp-content\/uploads\/2022\/10\/20-2-2000x1335-1-300x200.jpg 300w, https:\/\/silicontec.de\/wp-content\/uploads\/2022\/10\/20-2-2000x1335-1-768x513.jpg 768w, https:\/\/silicontec.de\/wp-content\/uploads\/2022\/10\/20-2-2000x1335-1-1536x1025.jpg 1536w, https:\/\/silicontec.de\/wp-content\/uploads\/2022\/10\/20-2-2000x1335-1-1568x1047.jpg 1568w, https:\/\/silicontec.de\/wp-content\/uploads\/2022\/10\/20-2-2000x1335-1.jpg 2000w\" sizes=\"auto, (max-width: 750px) 100vw, 750px\" style=\"width:100%;height:66.75%;max-width:2000px\" \/>\t\t\t\t\t\t\t\t\t\t\t\t\t\t\t<\/div>\n\t\t\t\t<\/div>\n\t\t\t\t<div class=\"elementor-element elementor-element-0013c87 elementor-widget elementor-widget-image\" data-id=\"0013c87\" data-element_type=\"widget\" data-widget_type=\"image.default\">\n\t\t\t\t<div class=\"elementor-widget-container\">\n\t\t\t\t\t\t\t\t\t\t\t\t\t\t\t<img loading=\"lazy\" decoding=\"async\" width=\"750\" height=\"518\" src=\"https:\/\/silicontec.de\/wp-content\/uploads\/2022\/10\/30-1-2000x1382-800x553-1.jpg\" class=\"attachment-large size-large\" alt=\"\" srcset=\"https:\/\/silicontec.de\/wp-content\/uploads\/2022\/10\/30-1-2000x1382-800x553-1.jpg 800w, https:\/\/silicontec.de\/wp-content\/uploads\/2022\/10\/30-1-2000x1382-800x553-1-300x207.jpg 300w, https:\/\/silicontec.de\/wp-content\/uploads\/2022\/10\/30-1-2000x1382-800x553-1-768x531.jpg 768w\" sizes=\"auto, (max-width: 750px) 100vw, 750px\" style=\"width:100%;height:69.13%;max-width:800px\" \/>\t\t\t\t\t\t\t\t\t\t\t\t\t\t\t<\/div>\n\t\t\t\t<\/div>\n\t\t\t\t\t<\/div>\n\t\t<\/div>\n\t\t\t\t<div class=\"elementor-column elementor-col-25 elementor-inner-column elementor-element elementor-element-00bd4da\" data-id=\"00bd4da\" data-element_type=\"column\">\n\t\t\t<div class=\"elementor-widget-wrap elementor-element-populated\">\n\t\t\t\t\t\t\t\t<div class=\"elementor-element elementor-element-cfe6589 elementor-widget elementor-widget-image\" data-id=\"cfe6589\" data-element_type=\"widget\" data-widget_type=\"image.default\">\n\t\t\t\t<div class=\"elementor-widget-container\">\n\t\t\t\t\t\t\t\t\t\t\t\t\t\t\t<img loading=\"lazy\" decoding=\"async\" width=\"750\" height=\"890\" src=\"https:\/\/silicontec.de\/wp-content\/uploads\/2022\/10\/22-1-2000x2373-800x949-1.jpg\" class=\"attachment-large size-large\" alt=\"\" srcset=\"https:\/\/silicontec.de\/wp-content\/uploads\/2022\/10\/22-1-2000x2373-800x949-1.jpg 800w, https:\/\/silicontec.de\/wp-content\/uploads\/2022\/10\/22-1-2000x2373-800x949-1-253x300.jpg 253w, https:\/\/silicontec.de\/wp-content\/uploads\/2022\/10\/22-1-2000x2373-800x949-1-768x911.jpg 768w\" sizes=\"auto, (max-width: 750px) 100vw, 750px\" style=\"width:100%;height:118.63%;max-width:800px\" \/>\t\t\t\t\t\t\t\t\t\t\t\t\t\t\t<\/div>\n\t\t\t\t<\/div>\n\t\t\t\t<div class=\"elementor-element elementor-element-682e9ea elementor-widget elementor-widget-image\" data-id=\"682e9ea\" data-element_type=\"widget\" data-widget_type=\"image.default\">\n\t\t\t\t<div class=\"elementor-widget-container\">\n\t\t\t\t\t\t\t\t\t\t\t\t\t\t\t<img loading=\"lazy\" decoding=\"async\" width=\"750\" height=\"569\" src=\"https:\/\/silicontec.de\/wp-content\/uploads\/2022\/10\/23-1-2000x1517-800x607-1.jpg\" class=\"attachment-large size-large\" alt=\"\" srcset=\"https:\/\/silicontec.de\/wp-content\/uploads\/2022\/10\/23-1-2000x1517-800x607-1.jpg 800w, https:\/\/silicontec.de\/wp-content\/uploads\/2022\/10\/23-1-2000x1517-800x607-1-300x228.jpg 300w, https:\/\/silicontec.de\/wp-content\/uploads\/2022\/10\/23-1-2000x1517-800x607-1-768x583.jpg 768w\" sizes=\"auto, (max-width: 750px) 100vw, 750px\" style=\"width:100%;height:75.88%;max-width:800px\" \/>\t\t\t\t\t\t\t\t\t\t\t\t\t\t\t<\/div>\n\t\t\t\t<\/div>\n\t\t\t\t\t<\/div>\n\t\t<\/div>\n\t\t\t\t<div class=\"elementor-column elementor-col-25 elementor-inner-column elementor-element elementor-element-38d5aae\" data-id=\"38d5aae\" data-element_type=\"column\">\n\t\t\t<div class=\"elementor-widget-wrap elementor-element-populated\">\n\t\t\t\t\t\t\t\t<div class=\"elementor-element elementor-element-df93a8e elementor-widget elementor-widget-image\" data-id=\"df93a8e\" data-element_type=\"widget\" data-widget_type=\"image.default\">\n\t\t\t\t<div class=\"elementor-widget-container\">\n\t\t\t\t\t\t\t\t\t\t\t\t\t\t\t<img loading=\"lazy\" decoding=\"async\" width=\"750\" height=\"579\" src=\"https:\/\/silicontec.de\/wp-content\/uploads\/2022\/10\/26-1-2000x1543-2-1024x790.jpg\" class=\"attachment-large size-large\" alt=\"\" srcset=\"https:\/\/silicontec.de\/wp-content\/uploads\/2022\/10\/26-1-2000x1543-2-1024x790.jpg 1024w, https:\/\/silicontec.de\/wp-content\/uploads\/2022\/10\/26-1-2000x1543-2-300x231.jpg 300w, https:\/\/silicontec.de\/wp-content\/uploads\/2022\/10\/26-1-2000x1543-2-768x593.jpg 768w, https:\/\/silicontec.de\/wp-content\/uploads\/2022\/10\/26-1-2000x1543-2-1536x1185.jpg 1536w, https:\/\/silicontec.de\/wp-content\/uploads\/2022\/10\/26-1-2000x1543-2-1568x1210.jpg 1568w, https:\/\/silicontec.de\/wp-content\/uploads\/2022\/10\/26-1-2000x1543-2.jpg 2000w\" sizes=\"auto, (max-width: 750px) 100vw, 750px\" style=\"width:100%;height:77.15%;max-width:2000px\" \/>\t\t\t\t\t\t\t\t\t\t\t\t\t\t\t<\/div>\n\t\t\t\t<\/div>\n\t\t\t\t<div class=\"elementor-element elementor-element-8a2cc18 elementor-widget elementor-widget-image\" data-id=\"8a2cc18\" data-element_type=\"widget\" data-widget_type=\"image.default\">\n\t\t\t\t<div class=\"elementor-widget-container\">\n\t\t\t\t\t\t\t\t\t\t\t\t\t\t\t<img loading=\"lazy\" decoding=\"async\" width=\"750\" height=\"492\" src=\"https:\/\/silicontec.de\/wp-content\/uploads\/2022\/10\/39-1-2000x1312-800x525-1.jpg\" class=\"attachment-large size-large\" alt=\"\" srcset=\"https:\/\/silicontec.de\/wp-content\/uploads\/2022\/10\/39-1-2000x1312-800x525-1.jpg 800w, https:\/\/silicontec.de\/wp-content\/uploads\/2022\/10\/39-1-2000x1312-800x525-1-300x197.jpg 300w, https:\/\/silicontec.de\/wp-content\/uploads\/2022\/10\/39-1-2000x1312-800x525-1-768x504.jpg 768w\" sizes=\"auto, (max-width: 750px) 100vw, 750px\" style=\"width:100%;height:65.63%;max-width:800px\" \/>\t\t\t\t\t\t\t\t\t\t\t\t\t\t\t<\/div>\n\t\t\t\t<\/div>\n\t\t\t\t\t<\/div>\n\t\t<\/div>\n\t\t\t\t\t\t\t<\/div>\n\t\t<\/section>\n\t\t\t\t\t<\/div>\n\t\t<\/div>\n\t\t\t\t\t\t\t<\/div>\n\t\t<\/section>\n\t\t\t\t<section class=\"elementor-section elementor-top-section elementor-element elementor-element-440f329 elementor-section-boxed elementor-section-height-default elementor-section-height-default\" data-id=\"440f329\" data-element_type=\"section\">\n\t\t\t\t\t\t<div class=\"elementor-container elementor-column-gap-default\">\n\t\t\t\t\t<div class=\"elementor-column elementor-col-100 elementor-top-column elementor-element elementor-element-065a09e\" data-id=\"065a09e\" data-element_type=\"column\">\n\t\t\t<div class=\"elementor-widget-wrap elementor-element-populated\">\n\t\t\t\t\t\t\t\t<div class=\"elementor-element elementor-element-7f16dc0 elementor-widget elementor-widget-heading\" data-id=\"7f16dc0\" data-element_type=\"widget\" data-widget_type=\"heading.default\">\n\t\t\t\t<div class=\"elementor-widget-container\">\n\t\t\t<h2 class=\"elementor-heading-title elementor-size-default\">Martin J\u00f6chl<\/h2>\t\t<\/div>\n\t\t\t\t<\/div>\n\t\t\t\t<div class=\"elementor-element elementor-element-c791c36 elementor-widget elementor-widget-heading\" data-id=\"c791c36\" data-element_type=\"widget\" data-widget_type=\"heading.default\">\n\t\t\t\t<div class=\"elementor-widget-container\">\n\t\t\t<h3 class=\"elementor-heading-title elementor-size-default\">silicontec<\/h3>\t\t<\/div>\n\t\t\t\t<\/div>\n\t\t\t\t<div class=\"elementor-element elementor-element-02876db elementor-widget elementor-widget-text-editor\" data-id=\"02876db\" data-element_type=\"widget\" data-widget_type=\"text-editor.default\">\n\t\t\t\t<div class=\"elementor-widget-container\">\n\t\t\t\t\t\t\t<p>Samerstra\u00dfe 7 D<br \/>83022 Rosenheim<br \/>+49 (0)176 &#8211; 20 15 39 12 <br \/>office(at)silicontec.de<\/p>\t\t\t\t\t\t<\/div>\n\t\t\t\t<\/div>\n\t\t\t\t\t<\/div>\n\t\t<\/div>\n\t\t\t\t\t\t\t<\/div>\n\t\t<\/section>\n\t\t\t\t\t\t\t<\/div>\n\t\t","protected":false},"excerpt":{"rendered":"<p>WIR WARTEN UND ERNEUERN IHRE SILIKONFUGEN Durch sch\u00f6ne Silikonfugen an Ecken,Bodenanschl\u00fcssen oder Acryldeckenfugen verleihenSie Ihrer Liegenschaft die perfekte Kombinationaus Wohlbefinden und Behaglichkeit unddas h\u00f6chste Ma\u00df an Sauberkeit und Hygiene. WIR WARTEN UND ERNEUERN IHRE SILIKONFUGEN Durch sch\u00f6ne Silikonfugen an Ecken,Bodenanschl\u00fcssen oder Acryldeckenfugen verleihen Sie Ihrer Liegenschaft die perfekte Kombination aus Wohlbefinden und\u00a0 Behaglichkeit und das&hellip; <a class=\"more-link\" href=\"https:\/\/silicontec.de\/\"><span class=\"screen-reader-text\">Start<\/span> weiterlesen<\/a><\/p>\n","protected":false},"author":1,"featured_media":0,"parent":0,"menu_order":0,"comment_status":"closed","ping_status":"closed","template":"elementor_header_footer","meta":{"footnotes":""},"class_list":["post-7","page","type-page","status-publish","hentry","entry"],"_links":{"self":[{"href":"https:\/\/silicontec.de\/index.php?rest_route=\/wp\/v2\/pages\/7","targetHints":{"allow":["GET"]}}],"collection":[{"href":"https:\/\/silicontec.de\/index.php?rest_route=\/wp\/v2\/pages"}],"about":[{"href":"https:\/\/silicontec.de\/index.php?rest_route=\/wp\/v2\/types\/page"}],"author":[{"embeddable":true,"href":"https:\/\/silicontec.de\/index.php?rest_route=\/wp\/v2\/users\/1"}],"replies":[{"embeddable":true,"href":"https:\/\/silicontec.de\/index.php?rest_route=%2Fwp%2Fv2%2Fcomments&post=7"}],"version-history":[{"count":302,"href":"https:\/\/silicontec.de\/index.php?rest_route=\/wp\/v2\/pages\/7\/revisions"}],"predecessor-version":[{"id":1058,"href":"https:\/\/silicontec.de\/index.php?rest_route=\/wp\/v2\/pages\/7\/revisions\/1058"}],"wp:attachment":[{"href":"https:\/\/silicontec.de\/index.php?rest_route=%2Fwp%2Fv2%2Fmedia&parent=7"}],"curies":[{"name":"wp","href":"https:\/\/api.w.org\/{rel}","templated":true}]}}